.
-6
Let z = -22 - -16. Let c(r) = 4*r**2 + 3 - 1 + 5*r + r**3 + 4 + 3*r**2. Determine c(z).
12
Let o(m) be the third derivative of m**6/720 + 7*m**5/120 + m**4/12 - 4*m**2. Let z(h) be the second derivative of o(h). What is z(-5)?
2
Let c(d) = d**3 - d - 6. Let f(g) = 4*g - 10. Let i be f(7). Let l be 430/(-50) + 8 + (-186)/(-10). Let n = i - l. Calculate c(n).
-6
Let w(s) = 5*s**3 + 9*s**2 - 5*s - 6. Let a(u) = -14*u**3 - 26*u**2 + 14*u + 17. Let r(v) = 6*a(v) + 17*w(v). Determine r(3).
-3
Let u(n) = -n**3 - 5*n**2 + 2*n - 7. Let r = 232 + -237. Give u(r).
-17
Let z(p) be the third derivative of -3*p**3 + 7*p**2 + 0*p + 0 - 1/24*p**4. Determine z(0).
-18
Let t(i) = -i**3 - i**2 - i - 3. Let q(v) = -2*v - 8. Let m be q(-14). Suppose 3*h + x + 4 = 0, -2*h - 9*x - m = -4*x. Calculate t(h).
-3
Let r(s) = -3*s**3 + s**2 + 1. Let v(p) = p - 8. Let f be v(9). Let k be 16/(-24)*(-3)/f. Let b be k/4*(-15 - -19). Determine r(b).
-19
Let j(o) = -2*o**3 - 3*o**2 + 4*o + 2. Let a(p) = -p**3 - 13*p**2 + 7*p - 101. Let c be a(-14). Calculate j(c).
17
Suppose 5*q - 4*q = t + 10, -3*t = -5*q + 40. Let w(v) = -6*v + 24. Determine w(q).
-6
Let f(x) = 3*x + 1. Let u be f(3). Let k(y) = 1534*y + 6*y**2 - y**3 + 4*y**2 - 1535*y + 3. Give k(u).
-7
Suppose 0 = -n - 7 + 2. Suppose 9 = 5*o + 5*a - 11, -2*o + 3*a = -3. Let r(h) = 3 - 2*h + o*h + 0 + 7. What is r(n)?
5
Let u(z) = 2*z - 5. Suppose -5*k + p + 129 = 0, -4*k + p + 79 = -k. Suppose 0 = 4*j + j - k. Calculate u(j).
5
Let t = -14 - -11. Let k = -53 - -67. Let v(b) = -19*b + 18 + 20*b - k. Calculate v(t).
1
Let g(q) = -q**2 - 8*q + 3. Suppose 102 = -6*h - 48. Let k = h - -17. What is g(k)?
3
Let r be (-2)/4 - 13/(-2). Suppose 12 = 3*q - r. Let b(t) = -1 - 2*t**2 + q*t**2 + 0 + 3 - 3*t - t**3. Give b(3).
2
Let f = 4568 - 4568. Let j(i) = -3 - i + 0*i - 9. Give j(f).
-12
Let g(o) = -o**3 - 5*o**2 + o + 5. Let y be g(-5). Let q(z) = z - 5. Let j be q(y). Let x(p) be the first derivative of -p**2/2 + p - 2. Calculate x(j).
6
Let y(m) = -m**3 + 6*m**2 - 5. Let z = -456 - -461. Give y(z).
20
Let o(w) = w**2 + 7*w - 4. Let c be o(-7). Let v be (-2 - c)/((-3)/(-18)). Let n(l) = -l + 19. Let a be n(v). Let j(m) = -m - 2. Give j(a).
-9
Let k be ((-4)/(-2) - 1)/((-1)/(-11)). Let j(b) = 4*b + 9 - k - 3*b. Calculate j(4).
2
Let y(w) = -4 - 19*w - 16*w + 48*w - 18*w + w**2. What is y(7)?
10
Suppose -4*g = 2*y - 54, 5*g + 2*y - 38 = 32. Suppose -7*x = 5 + g. Let h(d) = -4*d - 3. Calculate h(x).
9
Suppose 0 = -4*v - 1 + 9. Let r(n) = -5 + 34*n**v + 35*n**2 - 68*n**2 - 4*n. Give r(5).
0
Let l(h) = 20 + 180*h - h**3 - 92*h + 9*h**2 - 98*h. Give l(8).
4
Let q(n) = -2 - 2*n - 2*n**2 - 2*n**2 + 2*n**2. Suppose 3*o - 57 = 87. Let s = -50 + o. Calculate q(s).
-6
Suppose 407 = 36*q + q. Let v(u) = u**3 - 12*u**2 + 9*u + 19. Calculate v(q).
-3
Let v(n) = n**2 - n - 4. Let f be (10/6)/(1/3). Suppose -f*u + 2*m - 28 = 0, -2*u - 9 = -5*m + 19. Let i be (-4)/(u/3) + 1. Calculate v(i).
8
Let b(q) = 1 - 5*q + 0*q**2 + 2*q**2 - 4*q**2 + 3*q**2. Let j be (-75)/(-10)*((-4)/12 - -1). Determine b(j).
1
Let g(x) = -x**2 + 4*x - 4. Let s(t) = 5*t**3 - t**2 - 3*t + 5. Let n be s(1). Calculate g(n).
-16
Let h = -101 + 105. Let p(b) be the third derivative of 0 + 7/24*b**h + 0*b + 5/6*b**3 + 7*b**2 + 1/60*b**5. What is p(-4)?
-7
Let c be 4 + 1/(-1 + 0). Let r(l) = -l**3 - 3*l - 41*l**2 + 47*l**2 + 0*l**c. Calculate r(5).
10
Let y(q) = -6*q**2 - 9*q**2 - 3*q**2 + 20*q**2 - 7*q**2. Calculate y(1).
-5
Let v(z) be the third derivative of z**4/6 - z**3/2 - 285*z**2. Let f be 1*-2 + -2 + 0. Let d = f + 6. Determine v(d).
5
Let w(d) be the first derivative of d**2/2 + 11*d - 271. Give w(-8).
3
Let l(i) = -29*i**2 - 6*i - 14. Let z(h) = 25*h**2 + 6*h + 13. Let q(r) = -6*l(r) - 7*z(r). Give q(-3).
2
Let z(m) = -11*m - 3. Let p(q) = -10*q - 2. Let o be 153/(-36) - (-2)/8. Let d(b) = o*p(b) + 3*z(b). Calculate d(-1).
-8
Let q(b) be the third derivative of b**6/360 + b**5/60 - b**4/24 - 13*b**3/2 + 9*b**2. Let g(i) be the first derivative of q(i). What is g(-3)?
2
Let j(g) = -2*g + 4*g - 515 + 514 + g**3 + 5*g + 13*g - 21*g**2. Calculate j(20).
-1
Let w(g) = -3*g + 12. Let r(x) = 3*x - 11. Let s(m) = -6*r(m) - 7*w(m). Give s(3).
-9
Let x(z) = -32*z**3 + z**2 + z - 1. Let v(p) = 39*p + 274. Let f be v(-7). Determine x(f).
-31
Let m be ((-4)/(-7) + (-840)/784)*6. Let v(y) = 10*y + 25. What is v(m)?
-5
Let v be (-1)/(11/64) - (-34)/(-187). Let z(t) = -5*t - 4 + 3*t**2 + 8 - 4*t**2. Determine z(v).
-2
Let v(c) = 2*c**2 - 2*c + 3. Let x(w) = -20*w**2 - 5*w - 9. Let p(n) = 7*n**2 + 2*n + 3. Let a(b) = 11*p(b) + 4*x(b). Let k(i) = -4*a(i) - 5*v(i). Give k(-3).
9
Let z(k) be the third derivative of k**5/30 + k**4/8 - k**3/2 + 77*k**2. Let t(q) = q**3 + 5*q**2 + 5*q + 1. Let b be t(-4). Give z(b).
6
Let h(y) = y - 1. Let w be (2/(-4))/(4/(-48)). Suppose r = -2*r + w. What is h(r)?
1
Let a(y) be the second derivative of -y**5/20 + 5*y**4/12 - y**3/2 + y**2 + y - 26. What is a(5)?
-13
Let c(q) = q**2 + 5*q + 6. Let d be 3*((-6)/4)/((-12)/(-16)). Let a(x) = 0*x**3 + 14*x + 10 + 7 + 3*x**2 - x**3. Let m(j) = d*a(j) + 17*c(j). Calculate m(1).
6
Suppose -2*b - 6 + 12 = 0. Let s(z) = 4*z**3 - 6 - 3*z**2 - 3*z**b - 3*z**2. Give s(6).
-6
Let p(j) = j**2 + 12*j + 15. Let d be p(-11). Suppose d*s - 9 - 3 = 0. Let u(g) = 2*g - 2. Determine u(s).
4
Let a = 5 - -6. Suppose r - a - 2 = 4*i, 4*i = 3*r - 23. Let f(g) be the second derivative of -g**5/20 + g**4/2 - 5*g**3/6 + 2*g**2 - 11*g. What is f(r)?
4
Suppose 3*y = -c + 15 + 7, 5*y - 4*c - 48 = 0. Suppose -5*q - y*x + 3*x = -50, 0 = -4*q + 4*x + 8. Let d(t) = t**2 - 4*t - 3. Give d(q).
9
Let w(m) = -m**2 + m - 7. Let b be (-2 + 8)/6 + 7 + -3. Give w(b).
-27
Let j(i) be the second derivative of i**4/12 + 5*i**3/2 + 17*i**2/2 - 75*i - 2. Determine j(-13).
-9
Let r(d) = 2*d**3 + 6*d**2 - 7*d + 6. Let b(j) = j**3 + 5*j**2 - 6*j + 5. Let g(n) = -3*b(n) + 2*r(n). Suppose -97*m = a - 93*m + 6, 4*a - m = 10. Give g(a).
1
Let a(k) = -k**3 - 10*k**2 - 10*k - 9. Suppose 18*c + 213 = 51. Give a(c).
0
Let s(x) = -5*x**3 - 14*x**2 - 18*x - 17. Let h(w) = -11*w**3 - 29*w**2 - 36*w - 36. Let t(u) = 4*h(u) - 9*s(u). Determine t(-8).
-7
Suppose o + 22 = 3*y, -10*o - 8 = 2*y - 5*o. Let a(p) = p - 7. Calculate a(y).
-1
Let g be -2*(15/6)/(-1). Let v(w) = -2*w + 17. Let d be v(g). Suppose d*t + 5 = 6*t. Let n(i) = 2*i**2 + 8*i + 4. Give n(t).
14
Let u = -380 + 381. Let d(v) = -6*v**2. Give d(u).
-6
Suppose -o = o + 5*y - 15, -4*y + 46 = 5*o. Let j(v) = -v + 32. Calculate j(o).
22
Let q(c) = c**2 - c - 4. Let a(o) = -2*o**2 + 2*o + 1. Let l be a(-1). Let w be q(l). Let n = -6 + w. Let i(p) = p**3 - 3*p**2 + 4*p - 3. Calculate i(n).
1
Let j be 2/(-7) - (-64)/28. Let t be (51/34)/(3/j). Let p(n) = 2*n + 1. What is p(t)?
3
Let g(j) = 7*j + 1. Let i(y) = 2*y - 8*y**2 + 7*y**2 - 19 + 6*y + y. Let z be i(6). Give g(z).
-6
Let m(z) = -4*z**2 - 2 + 2*z**3 - 3*z**3 + 6*z**2 - 3*z + 1. What is m(3)?
-19
Let o(n) = n**3 + 5*n**2 + 4*n. Suppose 7*s - s + 90 = 0. Let a = 12 + s. Give o(a).
6
Let q = -300 + 310. Let w(u) = 2*u**2 - 22*u + 27. What is w(q)?
7
Let h(c) = -54*c**3 - 5*c**2 - 5*c - 3 + 113*c**3 - 60*c**3. Give h(-3).
-6
Let f be 4 + (-7 + 12)*(-8)/10. Let o(w) = -w + 14. Calculate o(f).
14
Let o(y) be the third derivative of -y**5/20 - y**4/24 - y**3/3 - 89*y**2 + 1. What is o(-2)?
-12
Suppose -u - 2*s + 2 = -3*s, 0 = -3*s - 6. Suppose -4*f - f = u. Let z(b) be the first derivative of -b**2/2 + 3*b + 1. Give z(f).
3
Let g(o) be the first derivative of -o**2/2 + 6*o + 140. Give g(12).
-6
Let b(w) = 2*w - 3 + w - 6*w. Let o be b(-2). Let d = 5 - o. Let q(f) = -f**3 + f**2 + 2*f - 3. What is q(d)?
-3
Let w(p) = -2*p + 3*p + 2 - 24717*p**2 + 2*p + 24715*p**2. Calculate w(-5).
-63
Let y(f) = -3*f - 3. Suppose -54 = -20*b + 66. Calculate y(b).
-21
Suppose -6*y + 3*y - 12 = 0. Let p(d) be the second derivative of -d**3/2 + 10*d + 1. Let w(g) = -8*g - 1. Let u(o) = y*w(o) + 11*p(o). What is u(4)?
0
Let a(k) = 5*k + 13. Let m(w) = 2*w**2 + 73*w - 41. Let b be m(-37). What is a(b)?
-7
Let c(g) = -4. Suppose 5*n - 1 = 4*k + 1, -2 = 3*n - 4*k. Let u(s) = -50*s**2 + 50*s**n + 2 + s**3. Let f(v) = 2*c(v) + 4*u(v). Calculate f(1).
4
Let d(r) = 1 - 3*r + 0 + 2*r. Let